{"id":569,"date":"2024-02-20T09:09:52","date_gmt":"2024-02-20T08:09:52","guid":{"rendered":"https:\/\/errioxa.ika.eus\/?page_id=569"},"modified":"2024-08-09T09:24:30","modified_gmt":"2024-08-09T08:24:30","slug":"sobre-nosotros","status":"publish","type":"page","link":"https:\/\/errioxa.ika.eus\/es\/sobre-nosotros\/","title":{"rendered":"Sobre nosotros"},"content":{"rendered":"<section class=\"l-section wpb_row height_medium\"><div class=\"l-section-h i-cf\"><div class=\"g-cols vc_row via_grid cols_1 laptops-cols_inherit tablets-cols_inherit mobiles-cols_1 valign_top type_default stacking_default\"><div class=\"wpb_column vc_column_container\"><div class=\"vc_column-inner\">[vc_custom_heading text=\u00bbHistoria\u00bb use_theme_fonts=\u00bbyes\u00bb]<\/div><\/div><\/div><\/div><\/section><section class=\"l-section wpb_row us_custom_b992cee1 height_medium\"><div class=\"l-section-h i-cf\"><div class=\"g-cols vc_row via_grid cols_1 laptops-cols_inherit tablets-cols_inherit mobiles-cols_1 valign_top type_default stacking_default\"><div class=\"wpb_column vc_column_container\"><div class=\"vc_column-inner\"><div class=\"w-image us_custom_91e11ea4 align_none\"><div class=\"w-image-h\"><img decoding=\"async\" width=\"2000\" height=\"1286\" src=\"https:\/\/errioxa.ika.eus\/wp-content\/uploads\/sites\/6\/2024\/08\/IMG_20240423_080714.jpg\" class=\"attachment-full size-full\" alt=\"\" loading=\"lazy\" srcset=\"https:\/\/errioxa.ika.eus\/wp-content\/uploads\/sites\/6\/2024\/08\/IMG_20240423_080714.jpg 2000w, https:\/\/errioxa.ika.eus\/wp-content\/uploads\/sites\/6\/2024\/08\/IMG_20240423_080714-300x193.jpg 300w, https:\/\/errioxa.ika.eus\/wp-content\/uploads\/sites\/6\/2024\/08\/IMG_20240423_080714-1024x658.jpg 1024w\" sizes=\"auto, (max-width: 2000px) 100vw, 2000px\" \/><\/div><\/div><div class=\"wpb_text_column\"><div class=\"wpb_wrapper\"><p>El euskaltegi de Rioja Alavesa se cre\u00f3 en el a\u00f1o 1.983, aunque las clases de euskara para adultos en esta zona comenzaron 5 a\u00f1os antes, es decir, en el a\u00f1o 1.978. La red de euskaltegis IKAS ETA ARI (IKA) se fund\u00f3 en junio de 1.989 y desde entonces el euskaltegi de Rioja Alavesa y Viana est\u00e1 dentro de esta coordinadora. Al lema utilizado ese a\u00f1o en la campa\u00f1a de matriculaci\u00f3n \u201cEuskaraz, Ikas eta Ari\u201d (\u201cAprende y habla euskara\u201d) le debe la coordinadora su nombre.<\/p>\n<p>El nombre, IKAS ETA ARI (APRENDER Y HABLAR), refleja claramente nuestro objetivo y metodolog\u00eda: aprender hablando en euskara y aprender para hablar en euskara. Nuestro objetivo es conseguir vasco parlantes que sean capaces de hablar euskara en todos los \u00e1mbitos de la vida, y para eso, animamos a los alumno\/as a utilizar el euskara desde el primer d\u00eda de clase.<\/p>\n<p>Los profesore\/as tenemos muy claro que aprender una lengua no es acumular contenidos gramaticales; sabemos que m\u00e1s que ense\u00f1ar un idioma se aprende, que tiene m\u00e1s importancia ayudar al alumno\/a a encontrar su estilo de aprendizaje, ayudarle a desarrollar estrategias de aprendizaje y a ponerse objetivos y evaluarlos que las explicaciones magistrales del profesor\/a.<\/p>\n<p>En el euskaltegi trabajamos, normalmente, 5 profesore\/as, aunque seg\u00fan el n\u00famero de alumno\/as y de los horarios de las clases mientras duran estas solemos ser alguno m\u00e1s. El\/la alumno\/a que se apunta en este euskaltegi se encuentra con un profesorado que tiene en general m\u00e1s de 20 a\u00f1os de experiencia.<\/p>\n<p>Para facilitar un poco m\u00e1s el aprendizaje, el euskaltegi organiza todos los a\u00f1os diferentes actividades culturales y as\u00ed dar la oportunidad a lo\/as alumno\/as de que practiquen euskara fuera de las clases. Ver agenda. Los alumno\/as gracias a estas actividades tienen la ocasi\u00f3n de superar la sensaci\u00f3n de aislamiento y dispersi\u00f3n que crea el vivir es esta zona, ya que normalmente damos clases en cuatro \u00f3 cinco pueblos y en algunos de ellos suele haber solamente un grupo. Adem\u00e1s en estas ocasiones pueden conocer a vascoparlantes que viven en la zona y alumno\/as de a\u00f1os anteriores.<\/p>\n<p>Por \u00faltimo, tenemos que citar a Ttika-ttaka, es una asociaci\u00f3n formada por las ikastolas de la zona y el euskaltegi. Esta asociaci\u00f3n tiene como objetivos ser punto de encuentro para los vascoparlantes de Rioja Alavesa y Viana, y avanzar en la utilizaci\u00f3n del euskara.<\/p>\n<\/div><\/div><\/div><\/div><\/div><\/div><\/section>\n","protected":false},"excerpt":{"rendered":"[vc_custom_heading text=\"Historia\" use_theme_fonts=\"yes\"]El euskaltegi de Rioja Alavesa se cre\u00f3 en el a\u00f1o 1.983, aunque las clases de euskara para adultos en esta zona comenzaron 5 a\u00f1os antes, es decir, en el a\u00f1o 1.978. La red de euskaltegis IKAS ETA ARI (IKA) se fund\u00f3 en junio de 1.989 y desde entonces el euskaltegi de Rioja Alavesa...","protected":false},"author":1,"featured_media":1218,"parent":0,"menu_order":0,"comment_status":"closed","ping_status":"closed","template":"","meta":{"_acf_changed":false,"footnotes":""},"class_list":["post-569","page","type-page","status-publish","has-post-thumbnail","hentry"],"acf":[],"_links":{"self":[{"href":"https:\/\/errioxa.ika.eus\/es\/wp-json\/wp\/v2\/pages\/569","targetHints":{"allow":["GET"]}}],"collection":[{"href":"https:\/\/errioxa.ika.eus\/es\/wp-json\/wp\/v2\/pages"}],"about":[{"href":"https:\/\/errioxa.ika.eus\/es\/wp-json\/wp\/v2\/types\/page"}],"author":[{"embeddable":true,"href":"https:\/\/errioxa.ika.eus\/es\/wp-json\/wp\/v2\/users\/1"}],"replies":[{"embeddable":true,"href":"https:\/\/errioxa.ika.eus\/es\/wp-json\/wp\/v2\/comments?post=569"}],"version-history":[{"count":9,"href":"https:\/\/errioxa.ika.eus\/es\/wp-json\/wp\/v2\/pages\/569\/revisions"}],"predecessor-version":[{"id":1235,"href":"https:\/\/errioxa.ika.eus\/es\/wp-json\/wp\/v2\/pages\/569\/revisions\/1235"}],"wp:featuredmedia":[{"embeddable":true,"href":"https:\/\/errioxa.ika.eus\/es\/wp-json\/wp\/v2\/media\/1218"}],"wp:attachment":[{"href":"https:\/\/errioxa.ika.eus\/es\/wp-json\/wp\/v2\/media?parent=569"}],"curies":[{"name":"wp","href":"https:\/\/api.w.org\/{rel}","templated":true}]}}

<section class="l-section wpb_row height_medium"><div class="l-section-h i-cf"><div class="g-cols vc_row via_grid cols_1 laptops-cols_inherit tablets-cols_inherit mobiles-cols_1 valign_top type_default stacking_default"><div class="wpb_column vc_column_container"><div class="vc_column-inner">[vc_custom_heading text=»Historia» use_theme_fonts=»yes»]</div></div></div></div></section><section class="l-section wpb_row us_custom_b992cee1 height_medium"><div class="l-section-h i-cf"><div class="g-cols vc_row via_grid cols_1 laptops-cols_inherit tablets-cols_inherit mobiles-cols_1 valign_top type_default stacking_default"><div class="wpb_column vc_column_container"><div class="vc_column-inner"><div class="w-image us_custom_91e11ea4 align_none"><div class="w-image-h"><img decoding="async" width="2000" height="1286" src="https://errioxa.ika.eus/wp-content/uploads/sites/6/2024/08/IMG_20240423_080714.jpg" class="attachment-full size-full" alt="" loading="lazy" srcset="https://errioxa.ika.eus/wp-content/uploads/sites/6/2024/08/IMG_20240423_080714.jpg 2000w, https://errioxa.ika.eus/wp-content/uploads/sites/6/2024/08/IMG_20240423_080714-300x193.jpg 300w, https://errioxa.ika.eus/wp-content/uploads/sites/6/2024/08/IMG_20240423_080714-1024x658.jpg 1024w" sizes="auto, (max-width: 2000px) 100vw, 2000px" /></div></div><div class="wpb_text_column"><div class="wpb_wrapper"><p>El euskaltegi de Rioja Alavesa se creó en el año 1.983, aunque las clases de euskara para adultos en esta zona comenzaron 5 años antes, es decir, en el año 1.978. La red de euskaltegis IKAS ETA ARI (IKA) se fundó en junio de 1.989 y desde entonces el euskaltegi de Rioja Alavesa y Viana está dentro de esta coordinadora. Al lema utilizado ese año en la campaña de matriculación “Euskaraz, Ikas eta Ari” (“Aprende y habla euskara”) le debe la coordinadora su nombre.</p>
<p>El nombre, IKAS ETA ARI (APRENDER Y HABLAR), refleja claramente nuestro objetivo y metodología: aprender hablando en euskara y aprender para hablar en euskara. Nuestro objetivo es conseguir vasco parlantes que sean capaces de hablar euskara en todos los ámbitos de la vida, y para eso, animamos a los alumno/as a utilizar el euskara desde el primer día de clase.</p>
<p>Los profesore/as tenemos muy claro que aprender una lengua no es acumular contenidos gramaticales; sabemos que más que enseñar un idioma se aprende, que tiene más importancia ayudar al alumno/a a encontrar su estilo de aprendizaje, ayudarle a desarrollar estrategias de aprendizaje y a ponerse objetivos y evaluarlos que las explicaciones magistrales del profesor/a.</p>
<p>En el euskaltegi trabajamos, normalmente, 5 profesore/as, aunque según el número de alumno/as y de los horarios de las clases mientras duran estas solemos ser alguno más. El/la alumno/a que se apunta en este euskaltegi se encuentra con un profesorado que tiene en general más de 20 años de experiencia.</p>
<p>Para facilitar un poco más el aprendizaje, el euskaltegi organiza todos los años diferentes actividades culturales y así dar la oportunidad a lo/as alumno/as de que practiquen euskara fuera de las clases. Ver agenda. Los alumno/as gracias a estas actividades tienen la ocasión de superar la sensación de aislamiento y dispersión que crea el vivir es esta zona, ya que normalmente damos clases en cuatro ó cinco pueblos y en algunos de ellos suele haber solamente un grupo. Además en estas ocasiones pueden conocer a vascoparlantes que viven en la zona y alumno/as de años anteriores.</p>
<p>Por último, tenemos que citar a Ttika-ttaka, es una asociación formada por las ikastolas de la zona y el euskaltegi. Esta asociación tiene como objetivos ser punto de encuentro para los vascoparlantes de Rioja Alavesa y Viana, y avanzar en la utilización del euskara.</p>
</div></div></div></div></div></div></section>

[vc_custom_heading text="Historia" use_theme_fonts="yes"]El euskaltegi de Rioja Alavesa se creó en el año 1.983, aunque las clases de euskara para adultos en esta zona comenzaron 5 años antes, es decir, en el año 1.978. La red de euskaltegis IKAS ETA ARI (IKA) se fundó en junio de 1.989 y desde entonces el euskaltegi de Rioja Alavesa...
